{"id":255312,"date":"2023-11-13T16:37:05","date_gmt":"2023-11-13T15:37:05","guid":{"rendered":"https:\/\/www.klaas-direktimport.de\/?page_id=255312"},"modified":"2023-11-14T10:18:50","modified_gmt":"2023-11-14T09:18:50","slug":"255312-2","status":"publish","type":"page","link":"https:\/\/www.klaas-direktimport.de\/?page_id=255312","title":{"rendered":"Service"},"content":{"rendered":"<p>[et_pb_section fb_built=&#8220;1&#8243; next_background_color=&#8220;#ffffff&#8220; _builder_version=&#8220;4.23.1&#8243; _module_preset=&#8220;default&#8220; background_color=&#8220;#4892ad&#8220; custom_padding=&#8220;||282px||false|false&#8220; top_divider_arrangement=&#8220;above_content&#8220; bottom_divider_style=&#8220;wave2&#8243; bottom_divider_arrangement=&#8220;above_content&#8220; hover_transition_speed_curve=&#8220;linear&#8220; global_colors_info=&#8220;{}&#8220;][et_pb_row _builder_version=&#8220;4.23.1&#8243; _module_preset=&#8220;default&#8220; custom_margin=&#8220;|auto|-285px|auto||&#8220; custom_padding=&#8220;50px||||false|false&#8220; hover_enabled=&#8220;0&#8243; global_colors_info=&#8220;{}&#8220; background_enable_color=&#8220;off&#8220; sticky_enabled=&#8220;0&#8243;][et_pb_column type=&#8220;4_4&#8243; _builder_version=&#8220;4.23.1&#8243; _module_preset=&#8220;default&#8220; global_colors_info=&#8220;{}&#8220;][et_pb_image src=&#8220;https:\/\/www.klaas-direktimport.de\/wp-content\/uploads\/2023\/11\/klaas_header_serviceSuper_01.jpg&#8220; title_text=&#8220;klaas_header_serviceSuper_01&#8243; align=&#8220;center&#8220; force_fullwidth=&#8220;on&#8220; _builder_version=&#8220;4.23.1&#8243; _module_preset=&#8220;default&#8220; custom_margin=&#8220;-103px||||false|false&#8220; hover_enabled=&#8220;0&#8243; global_colors_info=&#8220;{}&#8220; sticky_enabled=&#8220;0&#8243;][\/et_pb_image][\/et_pb_column][\/et_pb_row][\/et_pb_section][et_pb_section fb_built=&#8220;1&#8243; _builder_version=&#8220;4.23.1&#8243; _module_preset=&#8220;default&#8220; min_height=&#8220;678px&#8220; custom_margin=&#8220;2px||||false|false&#8220; custom_padding=&#8220;0px||6px|||&#8220; global_colors_info=&#8220;{}&#8220;][et_pb_row _builder_version=&#8220;4.23.1&#8243; _module_preset=&#8220;default&#8220; global_colors_info=&#8220;{}&#8220;][et_pb_column type=&#8220;4_4&#8243; _builder_version=&#8220;4.23.1&#8243; _module_preset=&#8220;default&#8220; global_colors_info=&#8220;{}&#8220;][et_pb_text _builder_version=&#8220;4.23.1&#8243; _module_preset=&#8220;default&#8220; custom_padding=&#8220;||2px|||&#8220; global_colors_info=&#8220;{}&#8220;]<\/p>\n<h4><strong>SERVICE<\/strong><span>\u00a0<\/span>\u2013 IHR GROSSER WETTBEWERBSVORTEIL<\/h4>\n<p>Seit es die KLAAS Direktimporte GmbH gibt, wird SERVICE bei uns gro\u00dfgeschrieben. Das macht uns zu einem qualit\u00e4tsorientierten Dienstleister, der Ihnen zu echten Mehrwerten verhilft.<\/p>\n<p>[\/et_pb_text][\/et_pb_column][\/et_pb_row][et_pb_row column_structure=&#8220;2_5,3_5&#8243; _builder_version=&#8220;4.23.1&#8243; _module_preset=&#8220;default&#8220; hover_enabled=&#8220;0&#8243; global_colors_info=&#8220;{}&#8220; sticky_enabled=&#8220;0&#8243;][et_pb_column type=&#8220;2_5&#8243; _builder_version=&#8220;4.23.1&#8243; _module_preset=&#8220;default&#8220; global_colors_info=&#8220;{}&#8220;][et_pb_text _builder_version=&#8220;4.23.1&#8243; _module_preset=&#8220;default&#8220; background_color=&#8220;#d8edf2&#8243; box_shadow_style=&#8220;preset4&#8243; box_shadow_blur=&#8220;14px&#8220; global_colors_info=&#8220;{}&#8220;]<\/p>\n<p>Um bei St\u00f6rungen und technischen Fragen umgehend Hilfe zu leisten, haben wir in unserer Heusweiler Zentrale eine Service-Hotline eingerichtet:<\/p>\n<p class=\"important\"><span style=\"color: #ff6600;\">Service-Hotline 09001 850 280<\/span><\/p>\n<p class=\"note\">49 Eurocent\/pro Minute aus dem deutschen Festnetz. Bei Anruf von einem Mobiltelefon entstehen dar\u00fcber hinaus weitere Kosten.<\/p>\n<p>[\/et_pb_text][dsm_perspective_image src=&#8220;https:\/\/www.klaas-direktimport.de\/wp-content\/uploads\/2023\/11\/TUEV_RHEINLAND.png&#8220; title_text=&#8220;TUEV_RHEINLAND&#8220; _builder_version=&#8220;4.23.1&#8243; _module_preset=&#8220;default&#8220; hover_enabled=&#8220;0&#8243; global_colors_info=&#8220;{}&#8220; custom_css_free_form=&#8220;.selector {||  display: flex;||}&#8220; sticky_enabled=&#8220;0&#8243; admin_label=&#8220;Supreme Image&#8220;][\/dsm_perspective_image][dsm_perspective_image src=&#8220;https:\/\/www.klaas-direktimport.de\/wp-content\/uploads\/2023\/11\/TUEV_SUED.png&#8220; _builder_version=&#8220;4.23.1&#8243; _module_preset=&#8220;default&#8220; title_text=&#8220;TUEV_SUED&#8220; hover_enabled=&#8220;0&#8243; sticky_enabled=&#8220;0&#8243;][\/dsm_perspective_image][dsm_perspective_image src=&#8220;https:\/\/www.klaas-direktimport.de\/wp-content\/uploads\/2023\/11\/INTERSEROH.png&#8220; _builder_version=&#8220;4.23.1&#8243; _module_preset=&#8220;default&#8220; title_text=&#8220;INTERSEROH&#8220; hover_enabled=&#8220;0&#8243; sticky_enabled=&#8220;0&#8243;][\/dsm_perspective_image][dsm_perspective_image src=&#8220;https:\/\/www.klaas-direktimport.de\/wp-content\/uploads\/2023\/11\/DEKRA_GS.png&#8220; _builder_version=&#8220;4.23.1&#8243; _module_preset=&#8220;default&#8220; title_text=&#8220;DEKRA_GS&#8220; hover_enabled=&#8220;0&#8243; sticky_enabled=&#8220;0&#8243;][\/dsm_perspective_image][dsm_perspective_image src=&#8220;https:\/\/www.klaas-direktimport.de\/wp-content\/uploads\/2023\/11\/TUEV_RHEINLAND_GS.png&#8220; _builder_version=&#8220;4.23.1&#8243; _module_preset=&#8220;default&#8220; title_text=&#8220;TUEV_RHEINLAND_GS&#8220; hover_enabled=&#8220;0&#8243; sticky_enabled=&#8220;0&#8243;][\/dsm_perspective_image][\/et_pb_column][et_pb_column type=&#8220;3_5&#8243; _builder_version=&#8220;4.23.1&#8243; _module_preset=&#8220;default&#8220; global_colors_info=&#8220;{}&#8220;][et_pb_text _builder_version=&#8220;4.23.1&#8243; _module_preset=&#8220;default&#8220; hover_enabled=&#8220;0&#8243; global_colors_info=&#8220;{}&#8220; sticky_enabled=&#8220;0&#8243;]<\/p>\n<div id=\"c111\" class=\"csc-default\">\n<header class=\"csc-header csc-header-n2\">\n<h4>BUNDESWEITER KUNDENDIENST.<\/h4>\n<\/header>\n<div class=\"content\">\n<p>Werden die Techniker unseres Service-Teams gebraucht, sind sie schnell vor Ort: zum Beispiel, um Produkte zu warten, Fehler zu beheben, Ersatzteile einzubauen oder Garantie- und Reklamationsf\u00e4lle zu pr\u00fcfen. Bestens mit der gelieferten Technik vertraut, geben sie Ihnen und Ihren Kunden die Sicherheit, dass alles zur vollsten Zufriedenheit klappt.<\/p>\n<\/div>\n<\/div>\n<div id=\"c112\" class=\"csc-default\">\n<header class=\"csc-header csc-header-n2\">\n<h4><\/h4>\n<h4>LABELING VON HANDELSMARKEN.<\/h4>\n<\/header>\n<div class=\"content\">\n<p>Wollen Sie Artikel unter dem Label Ihrer Hausmarke anbieten, unterst\u00fctzen wir Sie bei allen f\u00fcr die Umfirmierung erforderlichen Leistungen: Rundumservice von der Zulassung f\u00fcr den hiesigen Markt<span>\u00a0<\/span><strong>bis zur Eigenmarken gerechten Produktausstattung.<\/strong><\/p>\n<h4><\/h4>\n<h4>PR\u00dcFUNG, ZULASSUNG, ZERTIFIZIERUNG BEI T\u00dcV, GS, DEKRA USW.<\/h4>\n<\/div>\n<\/div>\n<div id=\"c113\" class=\"csc-default\">\n<div class=\"content\">\n<p>Konformit\u00e4tserkl\u00e4rungen wie die CE-Kennzeichnung sind heute notwendig, um Produkte im Europ\u00e4ischen Wirtschaftsraum gem\u00e4\u00df den jeweiligen Richtlinien und Normen in den Verkehr zu bringen.<br \/><strong>Die notwendigen Nachweise k\u00f6nnen von uns schnell und l\u00fcckenlos erbracht werden.<\/strong><\/p>\n<h4><\/h4>\n<h4>FL\u00c4CHENDECKENDER KUNDENDIENST.<\/h4>\n<\/div>\n<\/div>\n<div id=\"c114\" class=\"csc-default\">\n<div class=\"content\">\n<p>Zu guten Artikeln geh\u00f6rt auch ein zuverl\u00e4ssiger Service: einschlie\u00dflich der fachm\u00e4nnischen Montage vor Ort, kurzfristiger Ersatzteilbeschaffung, turnusgem\u00e4\u00dfer Wartung sowie einem schnellen und einfachen Handling von Garantie- und Reklamationsf\u00e4llen. Dazu ist unser Technikerteam bundesweit im Einsatz.<\/p>\n<h4><\/h4>\n<h4>ZUBEH\u00d6R- UND ERSATZTEILBEREITSTELLUNG.<\/h4>\n<\/div>\n<\/div>\n<div id=\"c115\" class=\"csc-default\">\n<div class=\"content\">\n<p>F\u00fcr alle unsere Produkte halten wir zuverl\u00e4ssig Zubeh\u00f6r- und Ersatzteile vor. Teile, die wir nicht vorr\u00e4tig haben, beschaffen wir auf k\u00fcrzestem Wege \u2013<span>\u00a0<\/span><strong>auch das macht erstklassigen Service aus!<\/strong><\/p>\n<\/div>\n<\/div>\n<p>[\/et_pb_text][\/et_pb_column][\/et_pb_row][\/et_pb_section]<\/p>\n","protected":false},"excerpt":{"rendered":"<p>SERVICE\u00a0\u2013 IHR GROSSER WETTBEWERBSVORTEIL Seit es die KLAAS Direktimporte GmbH gibt, wird SERVICE bei uns gro\u00dfgeschrieben. Das macht uns zu einem qualit\u00e4tsorientierten Dienstleister, der Ihnen zu echten Mehrwerten verhilft.Um bei St\u00f6rungen und technischen Fragen umgehend Hilfe zu leisten, haben wir in unserer Heusweiler Zentrale eine Service-Hotline eingerichtet: Service-Hotline 09001 850 280 49 Eurocent\/pro Minute aus dem deutschen Festnetz. Bei Anruf von einem Mobiltelefon entstehen dar\u00fcber hinaus weitere Kosten.<div class=\"et_pb_module dsm_perspective_image dsm_perspective_image_0\">\n\t\t\t\t\n\t\t\t\t\n\t\t\t\t\n\t\t\t\t\n\t\t\t\t\n\t\t\t\t\n\t\t\t\t<div class=\"et_pb_module_inner\">\n\t\t\t\t\t<div class=\"dsm-perspective-image-wrapper et_always_center_on_mobile\">\n\t\t\t\t\n\t\t\t\t\n\t\t\t\t<span class=\"et_pb_image_wrap \"><img decoding=\"async\" src=\"https:\/\/www.klaas-direktimport.de\/wp-content\/uploads\/2023\/11\/TUEV_RHEINLAND.png\" alt=\"\" title=\"TUEV_RHEINLAND\" \/><\/span>\n\t\t\t<\/div>\n\t\t\t\t<\/div>\n\t\t\t<\/div><div class=\"et_pb_module dsm_perspective_image dsm_perspective_image_1\">\n\t\t\t\t\n\t\t\t\t\n\t\t\t\t\n\t\t\t\t\n\t\t\t\t\n\t\t\t\t\n\t\t\t\t<div class=\"et_pb_module_inner\">\n\t\t\t\t\t<div class=\"dsm-perspective-image-wrapper et_always_center_on_mobile\">\n\t\t\t\t\n\t\t\t\t\n\t\t\t\t<span class=\"et_pb_image_wrap \"><img decoding=\"async\" src=\"https:\/\/www.klaas-direktimport.de\/wp-content\/uploads\/2023\/11\/TUEV_SUED.png\" alt=\"\" title=\"TUEV_SUED\" \/><\/span>\n\t\t\t<\/div>\n\t\t\t\t<\/div>\n\t\t\t<\/div><div class=\"et_pb_module dsm_perspective_image dsm_perspective_image_2\">\n\t\t\t\t\n\t\t\t\t\n\t\t\t\t\n\t\t\t\t\n\t\t\t\t\n\t\t\t\t\n\t\t\t\t<div class=\"et_pb_module_inner\">\n\t\t\t\t\t<div class=\"dsm-perspective-image-wrapper et_always_center_on_mobile\">\n\t\t\t\t\n\t\t\t\t\n\t\t\t\t<span class=\"et_pb_image_wrap \"><img decoding=\"async\" src=\"https:\/\/www.klaas-direktimport.de\/wp-content\/uploads\/2023\/11\/INTERSEROH.png\" alt=\"\" title=\"INTERSEROH\" \/><\/span>\n\t\t\t<\/div>\n\t\t\t\t<\/div>\n\t\t\t<\/div><div class=\"et_pb_module dsm_perspective_image dsm_perspective_image_3\">\n\t\t\t\t\n\t\t\t\t\n\t\t\t\t\n\t\t\t\t\n\t\t\t\t\n\t\t\t\t\n\t\t\t\t<div class=\"et_pb_module_inner\">\n\t\t\t\t\t<div class=\"dsm-perspective-image-wrapper et_always_center_on_mobile\">\n\t\t\t\t\n\t\t\t\t\n\t\t\t\t<span class=\"et_pb_image_wrap \"><img decoding=\"async\" src=\"https:\/\/www.klaas-direktimport.de\/wp-content\/uploads\/2023\/11\/DEKRA_GS.png\" alt=\"\" title=\"DEKRA_GS\" \/><\/span>\n\t\t\t<\/div>\n\t\t\t\t<\/div>\n\t\t\t<\/div><div class=\"et_pb_module dsm_perspective_image dsm_perspective_image_4\">\n\t\t\t\t\n\t\t\t\t\n\t\t\t\t\n\t\t\t\t\n\t\t\t\t\n\t\t\t\t\n\t\t\t\t<div class=\"et_pb_module_inner\">\n\t\t\t\t\t<div class=\"dsm-perspective-image-wrapper et_always_center_on_mobile\">\n\t\t\t\t\n\t\t\t\t\n\t\t\t\t<span class=\"et_pb_image_wrap \"><img decoding=\"async\" src=\"https:\/\/www.klaas-direktimport.de\/wp-content\/uploads\/2023\/11\/TUEV_RHEINLAND_GS.png\" alt=\"\" title=\"TUEV_RHEINLAND_GS\" \/><\/span>\n\t\t\t<\/div>\n\t\t\t\t<\/div>\n\t\t\t<\/div> BUNDESWEITER KUNDENDIENST. Werden die Techniker unseres Service-Teams gebraucht, sind sie schnell vor Ort: zum Beispiel, um Produkte zu warten, Fehler zu beheben, Ersatzteile einzubauen oder Garantie- und Reklamationsf\u00e4lle zu pr\u00fcfen. Bestens mit der gelieferten Technik vertraut, geben sie Ihnen und Ihren Kunden die Sicherheit, dass alles zur vollsten Zufriedenheit klappt. LABELING VON HANDELSMARKEN. Wollen Sie Artikel unter dem Label Ihrer Hausmarke anbieten, unterst\u00fctzen wir Sie bei allen f\u00fcr die Umfirmierung erforderlichen Leistungen: Rundumservice von der Zulassung f\u00fcr den hiesigen Markt\u00a0bis zur Eigenmarken gerechten Produktausstattung. PR\u00dcFUNG, ZULASSUNG, ZERTIFIZIERUNG BEI T\u00dcV, GS, DEKRA USW. Konformit\u00e4tserkl\u00e4rungen wie die [&hellip;]<\/p>\n","protected":false},"author":1,"featured_media":0,"parent":0,"menu_order":0,"comment_status":"closed","ping_status":"closed","template":"","meta":{"_et_pb_use_builder":"on","_et_pb_old_content":"","_et_gb_content_width":"","footnotes":""},"class_list":["post-255312","page","type-page","status-publish","hentry"],"_links":{"self":[{"href":"https:\/\/www.klaas-direktimport.de\/index.php?rest_route=\/wp\/v2\/pages\/255312","targetHints":{"allow":["GET"]}}],"collection":[{"href":"https:\/\/www.klaas-direktimport.de\/index.php?rest_route=\/wp\/v2\/pages"}],"about":[{"href":"https:\/\/www.klaas-direktimport.de\/index.php?rest_route=\/wp\/v2\/types\/page"}],"author":[{"embeddable":true,"href":"https:\/\/www.klaas-direktimport.de\/index.php?rest_route=\/wp\/v2\/users\/1"}],"replies":[{"embeddable":true,"href":"https:\/\/www.klaas-direktimport.de\/index.php?rest_route=%2Fwp%2Fv2%2Fcomments&post=255312"}],"version-history":[{"count":7,"href":"https:\/\/www.klaas-direktimport.de\/index.php?rest_route=\/wp\/v2\/pages\/255312\/revisions"}],"predecessor-version":[{"id":255378,"href":"https:\/\/www.klaas-direktimport.de\/index.php?rest_route=\/wp\/v2\/pages\/255312\/revisions\/255378"}],"wp:attachment":[{"href":"https:\/\/www.klaas-direktimport.de\/index.php?rest_route=%2Fwp%2Fv2%2Fmedia&parent=255312"}],"curies":[{"name":"wp","href":"https:\/\/api.w.org\/{rel}","templated":true}]}}